{"id":21,"date":"2016-09-19T12:30:31","date_gmt":"2016-09-19T12:30:31","guid":{"rendered":"http:\/\/blog.format-crew.de\/?page_id=21"},"modified":"2020-07-15T07:41:15","modified_gmt":"2020-07-15T07:41:15","slug":"test","status":"publish","type":"page","link":"http:\/\/blog.format-crew.de\/?page_id=21","title":{"rendered":"\u00dcber mich"},"content":{"rendered":"<p>Ich habe viele Tipps bzgl. des Schreibens einer &#8222;\u00dcber mich&#8220; Seite gelesen und habe festgestellt, dass dort immer die Rede war von, &#8222;so vielen Lesern wie nur m\u00f6glich seinen eigenen Newsletter aufs Auge zu dr\u00fccken&#8220;, dies alles mag vielleicht bei &#8222;Blogger&#8220; stimmen, die mit ihrem Blog Einnahmen generieren wollen.&nbsp;Ich dagegen distanziere mich hiermit ausdr\u00fccklich von diesem Fernziel, f\u00fcr mich z\u00e4hlt einzig und allein die Qualit\u00e4t meiner Artikel, dass diese leicht zu verstehen sind und Inhaltlich zu min. 98%, besser zu 100% korrekt sind.<\/p>\n<p>F\u00fcr den ein oder anderen, den ich mit dieser Ansprache noch nicht vergrault habe, m\u00f6chte ich mich kurz ohne jeglicher Vorlage vorstellen.<\/p>\n<p>Ich hei\u00dfe Sven Breidenstein, bin am 08.01.1990 geboren, wohne in Bochum und Technik ist schlicht gesagt meine Welt.<\/p>\n<p>Ich bin staatlich gepr\u00fcfter Techniker im Fachbereich Elektrotechnik (Bachelor of Electrical Engineering) und ausgebildeter Technischer Produktdesigner\/Technischer Zeichner im Fachbereich Elektrotechnik, parallel dazu habe ich bei der IHK die Pr\u00fcfung den AdA-Schein (Ausbildung der Ausbilder) gem. AEVO (Ausbilder Eignungsverordnung) erfolgreich abgeschlossen (30.03.2017). Seit mitte 2019 bin ich zus\u00e4tzlich ehrenamtlich bei der IHK im Pr\u00fcfungsausschuss.<\/p>\n","protected":false},"excerpt":{"rendered":"<p>Ich habe viele Tipps bzgl. des Schreibens einer &#8222;\u00dcber mich&#8220; Seite gelesen und habe festgestellt, dass dort immer die Rede war von, &#8222;so vielen Lesern wie nur m\u00f6glich seinen eigenen Newsletter aufs Auge zu dr\u00fccken&#8220;, dies alles mag vielleicht bei &#8222;Blogger&#8220; stimmen, die mit ihrem Blog Einnahmen generieren wollen.&nbsp;Ich dagegen distanziere mich hiermit ausdr\u00fccklich von &#8230; <a title=\"\u00dcber mich\" class=\"read-more\" href=\"http:\/\/blog.format-crew.de\/?page_id=21\">weiterlesen<span class=\"screen-reader-text\">\u00dcber mich<\/span><\/a><\/p>\n","protected":false},"author":1,"featured_media":0,"parent":0,"menu_order":0,"comment_status":"closed","ping_status":"closed","template":"","meta":{"footnotes":""},"_links":{"self":[{"href":"http:\/\/blog.format-crew.de\/index.php?rest_route=\/wp\/v2\/pages\/21"}],"collection":[{"href":"http:\/\/blog.format-crew.de\/index.php?rest_route=\/wp\/v2\/pages"}],"about":[{"href":"http:\/\/blog.format-crew.de\/index.php?rest_route=\/wp\/v2\/types\/page"}],"author":[{"embeddable":true,"href":"http:\/\/blog.format-crew.de\/index.php?rest_route=\/wp\/v2\/users\/1"}],"replies":[{"embeddable":true,"href":"http:\/\/blog.format-crew.de\/index.php?rest_route=%2Fwp%2Fv2%2Fcomments&post=21"}],"version-history":[{"count":10,"href":"http:\/\/blog.format-crew.de\/index.php?rest_route=\/wp\/v2\/pages\/21\/revisions"}],"predecessor-version":[{"id":120,"href":"http:\/\/blog.format-crew.de\/index.php?rest_route=\/wp\/v2\/pages\/21\/revisions\/120"}],"wp:attachment":[{"href":"http:\/\/blog.format-crew.de\/index.php?rest_route=%2Fwp%2Fv2%2Fmedia&parent=21"}],"curies":[{"name":"wp","href":"https:\/\/api.w.org\/{rel}","templated":true}]}}

Über mich

<p>Ich habe viele Tipps bzgl. des Schreibens einer &#8222;Über mich&#8220; Seite gelesen und habe festgestellt, dass dort immer die Rede war von, &#8222;so vielen Lesern wie nur möglich seinen eigenen Newsletter aufs Auge zu drücken&#8220;, dies alles mag vielleicht bei &#8222;Blogger&#8220; stimmen, die mit ihrem Blog Einnahmen generieren wollen.&nbsp;Ich dagegen distanziere mich hiermit ausdrücklich von diesem Fernziel, für mich zählt einzig und allein die Qualität meiner Artikel, dass diese leicht zu verstehen sind und Inhaltlich zu min. 98%, besser zu 100% korrekt sind.</p>
<p>Für den ein oder anderen, den ich mit dieser Ansprache noch nicht vergrault habe, möchte ich mich kurz ohne jeglicher Vorlage vorstellen.</p>
<p>Ich heiße Sven Breidenstein, bin am 08.01.1990 geboren, wohne in Bochum und Technik ist schlicht gesagt meine Welt.</p>
<p>Ich bin staatlich geprüfter Techniker im Fachbereich Elektrotechnik (Bachelor of Electrical Engineering) und ausgebildeter Technischer Produktdesigner/Technischer Zeichner im Fachbereich Elektrotechnik, parallel dazu habe ich bei der IHK die Prüfung den AdA-Schein (Ausbildung der Ausbilder) gem. AEVO (Ausbilder Eignungsverordnung) erfolgreich abgeschlossen (30.03.2017). Seit mitte 2019 bin ich zusätzlich ehrenamtlich bei der IHK im Prüfungsausschuss.</p>

<p>Ich habe viele Tipps bzgl. des Schreibens einer &#8222;Über mich&#8220; Seite gelesen und habe festgestellt, dass dort immer die Rede war von, &#8222;so vielen Lesern wie nur möglich seinen eigenen Newsletter aufs Auge zu drücken&#8220;, dies alles mag vielleicht bei &#8222;Blogger&#8220; stimmen, die mit ihrem Blog Einnahmen generieren wollen.&nbsp;Ich dagegen distanziere mich hiermit ausdrücklich von &#8230; <a title="Über mich" class="read-more" href="http://blog.format-crew.de/?page_id=21">weiterlesen<span class="screen-reader-text">Über mich</span></a></p>
